3 + 9*p**2 + p + 11. Let y(l) = t(l) + u(l). Let o be y(-10). Calculate the greatest common divisor of o and 20.
10
Let r(t) = -15*t - 1. Let n be r(-1). Calculate the greatest common factor of 28 and n.
14
Let t be (-14 - -10)*(-5)/4. Suppose -3*b - 2 = 3*s - 32, 0 = t*b - 2*s - 22. What is the greatest common factor of 12 and b?
6
Suppose -5*j = -10*j + 10. Calculate the greatest common divisor of 2 and j.
2
Let q be (-10)/(1/(-8)*2). Let z = q + 0. Calculate the highest common divisor of 8 and z.
8
Let r(j) = 2*j + 1. Let h be r(1). Let a be -1 - 0 - (h - 6). Let y(z) = z**3 - 2*z**2 + 2*z - 2. Let d be y(a). What is the greatest common factor of 8 and d?
2
Suppose 2*s + 3*a + 6 - 20 = 0, -4*s + 32 = 4*a. Calculate the highest common divisor of 50 and s.
10
Let s(u) = 4*u**2 - 9*u + 3. Let t be s(6). Suppose -3*k = -t + 21. What is the greatest common divisor of k and 12?
12
Suppose 0 = -t - 12 + 25. Calculate the greatest common factor of 26 and t.
13
Suppose c - 95 = -4*c. Suppose -c = -3*g + 5. Let l be ((-16)/3)/((-12)/72). Calculate the greatest common divisor of g and l.
8
Let g(w) be the second derivative of -w**4/12 - 5*w**3/6 + w**2/2 - 6*w. Let r be g(-5). Calculate the greatest common factor of r and 8.
1
Let c be (2 + (-12)/4)*5. Let q(x) = -x + 6. Let p be q(c). What is the greatest common divisor of 77 and p?
11
Suppose -3*r = -3*o - 138, 0 = -3*r + o + 4*o + 134. Suppose 3*i = 7*i - r. Calculate the greatest common divisor of 8 and i.
4
Suppose -2*n - 174 + 494 = 0. What is the greatest common divisor of 20 and n?
20
Suppose -c = -1, -2*w + 5*c = -6*w + 25. What is the highest common divisor of 30 and w?
5
Let h be (-2)/4*36/(-2). Let c be (0 - 1) + (-1 - -2). Suppose -4*z + 21 = 4*f - 63, z + 3*f - 27 = c. Calculate the highest common divisor of z and h.
9
Let c = -11 + 16. What is the greatest common factor of c and 2?
1
Suppose -5*a - 65 = -2*l, 3*a - 6*a + 85 = 5*l. Suppose -2*r = 4*i - 40, -27 - 17 = -5*i - r. Calculate the highest common divisor of l and i.
4
Let l(g) = -g. Let w be l(-7). Let k(h) = h**3 - 8*h**2 + 9*h + 2. Let j be k(w). What is the highest common factor of 64 and j?
16
Suppose -m + 5*j - 23 = 0, -3*m + 0*j = 2*j - 16. Suppose -m*r = 3*r + 10, 0 = -4*l + 5*r + 330. What is the highest common divisor of 20 and l?
20
Let b be ((-4)/8 - 2)*-80. Calculate the highest common divisor of 20 and b.
20
Suppose 0 = s + 10*s - 132. Let t(a) = a**3 + 4*a**2 - 3*a - 6. Let b be t(-4). What is the highest common divisor of s and b?
6
Suppose 3*t + 0 = 6. Let w(a) = -a**2 - 5*a + 4. Let h be w(-6). Let x(m) = m**2 + 2*m + 2. Let v be x(h). Calculate the highest common factor of t and v.
2
Let y = -132 + 185. Calculate the highest common divisor of y and 477.
53
Suppose 6*j = 2*j - 24. Let q(s) = -5*s - 6. Let i be q(j). What is the greatest common factor of i and 48?
24
Let h be (-9)/((-2*4/8)/1). What is the greatest common divisor of h and 90?
9
Let c(h) = h**2 - 5*h + 1. Let k be c(6). Suppose -5*s - 4*f + 268 = 0, 2*f - 5 - 213 = -4*s. Calculate the greatest common divisor of k and s.
7
Let k be 9 - (-5 - -4 - -3). What is the greatest common divisor of 35 and k?
7
Let y be (-22)/3*(-5 + 2). Calculate the highest common factor of 88 and y.
22
Suppose 0 = -z + 4*w + 202, -770 = -4*z - 3*w - 0*w. Suppose -4*i = -z - 238. Calculate the highest common factor of 12 and i.
12
Let t be (-14)/(-2) - (-5 - -3). Calculate the greatest common divisor of 9 and t.
9
Suppose 3*c + 1 = p, 2*c = -p - 0*c + 11. What is the highest common factor of p and 77?
7
Let n be (-2 + 1)*10*1. Let l be 8*(-5)/(n/33). Let z be (9 - (-2 + 1)) + 2. What is the greatest common factor of l and z?
12
Suppose j + 0*j = 2. What is the greatest common divisor of j and 4?
2
Let o be 0 - (-143 + 0 + 2). Suppose 5*l - o = t + 160, 3*l - 177 = -3*t. Calculate the greatest common divisor of 12 and l.
12
Let t = -56 + 81. Calculate the greatest common divisor of 175 and t.
25
Suppose -3*q - 3 = 0, 4*z - 9*z + 24 = -4*q. What is the highest common factor of z and 8?
4
Suppose -11*w - 7*w + 270 = 0. Suppose 0 = 5*h - 2*g - 529, -4*g - 323 = -3*h - 0*g. What is the greatest common divisor of h and w?
15
Suppose -3*k = -4*k - 5*x + 5, 15 = 3*k - x. Suppose 20 = k*a, h + 4*a = 18 + 5. Calculate the greatest common factor of h and 7.
7
Let c be ((-4)/(-3))/((-1)/(-3)). Let o(i) = i**2 - 8 + 3*i + 6*i - c*i. Let t be o(-7). What is the highest common divisor of 2 and t?
2
Let b = 2 - -88. Calculate the greatest common divisor of 36 and b.
18
Let b = -6 - -9. Suppose b*f - 69 = 195. Calculate the greatest common divisor of f and 8.
8
Suppose 0 = -2*o - 8, -4*s - o = -4*o - 104. Calculate the greatest common factor of s and 23.
23
Suppose 0*f + 25 = f + 3*p, -5*f + 145 = -5*p. What is the greatest common factor of 7 and f?
7
Let r be 72/5 - -4*5/(-50). What is the greatest common divisor of r and 154?
14
Let j be (-3 - -1)/((-2)/5). Suppose 5*d = -n + 451, j*d - 2*n - 573 + 110 = 0. Calculate the greatest common divisor of 13 and d.
13
Suppose 0 = f + 1 - 11. Suppose -f = -4*h + 14. Suppose -h*k + 294 = -3*k. Calculate the greatest common factor of 14 and k.
14
Let b(k) = 26 + 5*k + 0*k - 3*k - 6. Let n be b(-9). Calculate the greatest common factor of 5 and n.
1
Let n(v) = v**3 - 5*v**2 + 2. Let h be n(5). Suppose 4 = -h*q + 48. Suppose 3*r = 5 + q. Calculate the greatest common divisor of r and 36.
9
Let u(m) = -m**3 - 4*m**2 - 9*m - 7. Let c be u(-6). Suppose 4*n + 3*b - 67 = 4*b, 0 = n + 5*b - 22. What is the greatest common divisor of c and n?
17
Let l = -2 - -8. Suppose 2*w = l*w - 48. Let j(o) = -o**3 - 16*o**2 + 57*o + 4. Let t be j(-19). What is the highest common divisor of t and w?
4
Suppose -2*g = 2*g - 32. Let u = g - -2. What is the greatest common factor of u and 90?
10
Let k = 57 + -27. Let i = 141 + -96. Calculate the greatest common divisor of k and i.
15
Let u be 1/((-3)/51)*-7. Suppose -4*l + 81 + u = 0. What is the highest common divisor of l and 20?
10
Let q be 2/6 - 312/(-36). What is the greatest common divisor of q and 45?
9
Let d = 20 - 6. Calculate the highest common divisor of d and 21.
7
Let l be (-9)/15 + 153/5. Calculate the highest common factor of 12 and l.
6
Suppose 6 = 5*q - 9. Suppose t - q*t = 0. Suppose -4*d - 2*c + 186 = -t*d, 5*d - 4*c - 252 = 0. Calculate the greatest common divisor of 12 and d.
12
Let i be 2/(-3) - (-16)/6. Suppose 3*b - 20 = -i*b. Calculate the highest common divisor of b and 44.
4
Let o = 8 - 5. Suppose u - 2*b - 35 = o*b, -2*b = 2*u - 34. Calculate the highest common divisor of 8 and u.
4
Let u = 5 + -1. Let g = 6 - u. Calculate the greatest common factor of g and 22.
2
Suppose 4*n + 3*j - 62 = j, 0 = 3*n + 4*j - 44. Calculate the highest common factor of n and 4.
4
Let k = 127 - 64. Calculate the greatest common factor of k and 7.
7
Let o be (15/6 + 0)*16. Calculate the greatest common divisor of o and 16.
8
Let d(h) = -h**3 - 2*h**2 - 2*h + 85. Let a be d(0). Calculate the greatest common factor of 34 and a.
17
Suppose -18*q + 810 = -13*q. Calculate the highest common factor of 18 and q.
18
Let s be (-1 + -1)/(2/(-20)). What is the greatest common divisor of s and 20?
20
Let n(i) = 10*i**2 + 2*i + 1. Let q be n(-1). Suppose 1 + q = 5*g. Calculate the greatest common factor of 20 and g.
2
Let c(b) = -24*b - 8. Let j be c(7). Let h = -22 - j. Calculate the greatest common factor of h and 14.
14
Let q = 2 - 2. Suppose 0 = -s - q + 8. Let j be 2/8 + 62/s. What is the greatest common factor of 88 and j?
8
Let v(y) = -10*y - 10. Let a be v(-2). What is the greatest common factor of a and 80?
10
Let f = 0 - -25. Let g be -2*3/(-9)*15/2. What is the highest common factor of g and f?
5
Suppose -2*g + g + 4*y - 6 = 0, 4*g = -4*y - 4. Let m = 54 - g. What is the highest common divisor of m and 7?
7
Suppose -11 - 13 = -b. Let y = b - 12. Suppose 4*d = u + 490 - 57, -u = 1. Calculate the highest common factor of y and d.
12
Suppose 5*q = -3*i + 139, q - 52 = -i + 5*q. Let x = 30 + -18. Suppose -v + x = -0*v. Calculate the highest common divisor of i and v.
12
Suppose 0 = y + 4*o - 55, 2*y = -0*o - 2*o + 80. Let z be 0 - (y + (2 - 0)). Let s = z - -55. Calculate the highest common divisor of s and 9.
9
Let l(